 -5*w - n, 5 + 44 = 2*d - 5*w. Calculate the highest common divisor of d and 8.
4
Let d = 1114 - 1065. Calculate the greatest common factor of 21 and d.
7
Let v = 1064 - 989. Calculate the highest common factor of v and 570.
15
Suppose -6*k = -10*k + v + 104, 3*v = 0. What is the greatest common divisor of 247 and k?
13
Suppose 9*v = 4 - 4. Suppose 0 = -4*t - 3*m + 92, -2*t + 32 = -v*m - 2*m. What is the highest common factor of t and 5?
5
Let q be (-2598)/(-8) - 3/4. Let m be q/8 - 6/12. What is the greatest common divisor of m and 160?
40
Let m be -1*3/(9/64)*-3. Let f = -9 + m. Let t(a) = -23*a - 1. Let r be t(-1). What is the greatest common divisor of r and f?
11
Let y = 34 + -32. Let n be 9 + 8/4 + -3. Suppose -3*s + n = -y*s. What is the highest common factor of 64 and s?
8
Let n = -387 - -418. Calculate the highest common divisor of 527 and n.
31
Let w(x) be the second derivative of 0 + 6*x + 1/2*x**2 + 1/3*x**3 + 1/12*x**4. Let v be w(-4). What is the highest common divisor of 45 and v?
9
Suppose 4*f - 2*v - 202 = 0, 19*v - 14*v - 34 = -f. Calculate the greatest common factor of 21 and f.
7
Let n be ((-40)/(-70))/((-4)/(-14)). Suppose 0 = -3*z + 14 - 5. Suppose z*k = 2*u - 2, -10 = 2*k + k - 4*u. Calculate the greatest common factor of n and k.
2
Suppose 5*i - 45 = 2*i. Let q(p) = p**2 - 15*p + 3. Let a be q(i). Suppose h = 5 - 2. What is the greatest common factor of h and a?
3
Suppose -7*d + 227 = -109. What is the greatest common divisor of d and 48?
48
Let t(p) = -5*p. Let i(f) = 4*f - 1. Let v(y) = -4*i(y) - 3*t(y). Let s be v(-13). Suppose 18 = 2*q - 16. What is the greatest common factor of q and s?
17
Let r(v) = 5*v - 6. Let n be r(2). Let u(z) = 47*z - 16. Let a be u(5). Let i be 1/5 + a/5. What is the highest common divisor of i and n?
4
Let h = -1523 + 1637. Calculate the highest common factor of h and 76.
38
Let g(k) = -7*k**2 - 54*k - 5. Let s be g(-5). Calculate the highest common factor of s and 10.
10
Let b(q) = -2*q**3 - 3*q**2 - 11*q - 24. Let y be b(-3). Calculate the greatest common factor of y and 36.
36
Let y(k) = -9*k - 13. Let f be y(-3). Calculate the greatest common divisor of 1246 and f.
14
Let s = -85 - -81. Let w(u) = -19*u - 11. Let a be w(s). Calculate the greatest common factor of a and 13.
13
Suppose -3*n = -10 - 2. Suppose 8 = 3*d - s, -5*d + 0*s + n*s = -4. Calculate the highest common factor of 32 and d.
4
Let d = 255 - 135. What is the highest common divisor of d and 48?
24
Let a(i) = -i**2 + 12*i + 4. Let x be a(12). Suppose r = x*r - 54. Suppose 4*t = t + r. Calculate the highest common divisor of t and 3.
3
Let v(b) = 11*b + 241. Let h be v(-16). Calculate the greatest common divisor of h and 65.
65
Let i be (-4)/6*63/(-14). Let m be (-3 - (-15)/i) + 2. Calculate the greatest common factor of m and 12.
4
Suppose -10*s - 228 = -918. Calculate the greatest common divisor of s and 1587.
69
Suppose w - 226 = 5*u - u, -5*w = 2*u - 1042. What is the highest common factor of 330 and w?
30
Suppose -2*r = -3*t + 21 + 18, 4*r + 3*t + 69 = 0. Let g = r - -20. Calculate the greatest common divisor of g and 2.
2
Let b be (3*4)/((-36)/(-24)). Let v be 34/b + 5/(-20). Let l = 24 + 4. Calculate the greatest common factor of l and v.
4
Suppose b = 2*b - 4. Suppose 140*x = 134*x + 144. Calculate the highest common divisor of b and x.
4
Let x be ((-282)/(-42))/((-1)/(-7)) + -1. What is the greatest common divisor of x and 138?
46
Suppose y = -2*y - 33. Let a = 16 + y. Suppose 10 = 5*u - 6*f + f, 5*f = 15. Calculate the highest common factor of u and a.
5
Let r be -1 + 58 - (-2 - -7). What is the greatest common factor of 4 and r?
4
Suppose -4*w + 137 = 3*c + 16, 4*w - 3*c = 103. Calculate the greatest common divisor of w and 35.
7
Suppose 5*b - 9 = -2*w + 3*w, 0 = -b - 3*w - 11. Let u be -23 + 29 + (-1)/(2/(-10)). What is the greatest common factor of u and b?
1
Let f = -18 + 32. Let s = 83 + -11. Let q = s - 2. Calculate the greatest common divisor of f and q.
14
Let s(l) = -l + 70. Let b be s(0). What is the greatest common factor of 910 and b?
70
Suppose -5*h + 10*h = 235. Suppose -4*b + 3*m - 2*m + 67 = 0, 4*b - h = 5*m. Let r = b + -14. Calculate the highest common divisor of r and 44.
4
Suppose -4*q + 92 = 12. Calculate the greatest common divisor of 100 and q.
20
Let t(x) = -x**2 - 12*x + 33. Let g be t(-14). Let h(l) = -l**2 + 12*l - 32. Let z be h(7). What is the highest common factor of z and g?
1
Let r be -1 + 5*2 + 2. Let s(c) = -c**2 + 5*c - 2. Let f be s(-9). Let q = -18 - f. Calculate the highest common factor of r and q.
11
Let q(b) be the third derivative of -b**6/120 - b**5/5 - b**4/2 - b**3 - 14*b**2. Let j be q(-11). What is the greatest common divisor of 15 and j?
5
Let p = 228 - 95. Let y = 29 + -10. Calculate the greatest common factor of p and y.
19
Suppose a + f = 2*a - 100, -300 = -3*a + 4*f. Suppose 16*g - 23*g + 175 = 0. Calculate the greatest common divisor of g and a.
25
Suppose 18*r - 42 = 30. Calculate the greatest common divisor of r and 4.
4
Suppose 0 = -h - 2*t + 14, 3*h + h - 44 = 4*t. Calculate the highest common divisor of h and 300.
12
Let b be (40/18)/((-60)/(-270)). What is the greatest common factor of b and 245?
5
Let y be 64/(-10)*(-270)/12. Suppose -4*o - 2*s + 2 + 112 = 0, -y = -5*o - 3*s. Calculate the highest common factor of 18 and o.
9
Suppose -2*u = -2*p + u + 232, 4*p = 4*u + 456. Let r be 1 - (-3)/3 - 16. Let z be (40/r)/(50/(-175)). Calculate the greatest common factor of z and p.
10
Suppose 0 = 4*v - 4*u - 2660, 2*v - 5*u = -2*v + 2660. Calculate the greatest common divisor of 35 and v.
35
Suppose 3*o - 20 = -4*m, -5*m = 3*o - 2*o - 14. Suppose 8*v + 3*j = 3*v + 14, -4*v + 16 = 4*j. What is the highest common factor of v and o?
1
Suppose c = 0, 5*c + 5 = -3*n + 2. Let f be (-2)/(-2 + 2 + n). Let h be ((-88)/(-16))/(f/4). What is the highest common factor of 1 and h?
1
Let a be 2/(-4) + 109/2. Suppose 3*r - 5*r + 4 = 0. Suppose 4*s - r*s = 4*q - 32, 2*s + 20 = 2*q. What is the greatest common factor of a and q?
6
Let c be ((-3)/((-6)/(-8)))/((-8)/128). Calculate the highest common factor of 272 and c.
16
Suppose -6*k = -3*k - 102. Let v = 62 - k. Let o be 6/2 - (3 + -7). What is the greatest common factor of v and o?
7
Let d(q) = 207*q**2 - 3*q - 3. Let u be d(-1). Calculate the highest common factor of 69 and u.
69
Let r be 1/4 + 14/8. Suppose 168 = 4*q + 3*q + 5*q. What is the highest common divisor of q and r?
2
Let r = 19 - -10. Let x be ((-12)/(-22))/3 - 30*(-3438)/1188. Calculate the greatest common divisor of r and x.
29
Suppose 0 = o - 4*g - 10, -3*o - 7 = -4*o + 5*g. What is the highest common divisor of 286 and o?
22
Let b be 23*(8 + -1) + 2/(-2). What is the greatest common factor of b and 10?
10
Let n = -26 + 20. Let z(q) = 8*q + 9. Let x be z(n). Let g = 226 + x. What is the highest common factor of g and 17?
17
Let s = -38 - -35. Let m be (s - (-21)/9) + (-290)/(-3). What is the greatest common divisor of m and 64?
32
Let x = 226 + -201. Let g(u) = 124*u**2 + 1. Let k be g(-1). Calculate the greatest common divisor of k and x.
25
Let h(j) = 3*j + 121. Let n be h(-38). What is the greatest common divisor of 5 and n?
1
Let c = 891 - 878. Suppose 2*a - 5*r = 20, -3*a - 2*r - 6 = 2. Suppose 4*s - 364 = -a*s. What is the highest common divisor of s and c?
13
Suppose 29 = -16*x + 157. Let r be 4*(4 - (2 + 0)). Calculate the highest common divisor of x and r.
8
Suppose -7*p + 854 - 196 = 0. Suppose 9*s - 77 = p. Calculate the highest common factor of 57 and s.
19
Let y be (-2 - -2)/4*1. Suppose l + 5*i - 31 - 12 = y, -3*l + 141 = 3*i. What is the highest common factor of l and 16?
16
Let z(p) = -2*p**2 - 13*p + 14. Let r be z(-7). Suppose -9*x = x - 630. Calculate the greatest common factor of r and x.
7
Let i be 4 - -355 - (-4)/(12/(-21)). What is the highest common divisor of i and 64?
32
Let k(n) = 12*n**2 + 28*n + 24. Let a be k(-6). Calculate the greatest common divisor of a and 32.
32
Suppose 2877 = 25*d - 323. Calculate the greatest common factor of 1 and d.
1
Suppose -51 + 48 = -d. Suppose 0 = 3*q - 3, q - 33 = -g - d*q. Calculate the highest common factor of g and 29.
29
Let w be (-16)/(-168) - ((-3768)/126 + -6). Suppose -4*k = 0, 2*y - 3*